{"id":5196,"date":"2025-12-23T17:03:19","date_gmt":"2025-12-23T16:03:19","guid":{"rendered":"https:\/\/www.fassclub.de\/bearfightwhiskey\/?post_type=product&#038;p=5196"},"modified":"2026-03-28T22:34:53","modified_gmt":"2026-03-28T21:34:53","slug":"bear-fight-orchard-vine","status":"publish","type":"product","link":"https:\/\/www.fassclub.de\/bearfightwhiskey\/produkt\/bear-fight-orchard-vine\/","title":{"rendered":"Bear Fight Orchard &#038; Vine"},"content":{"rendered":"[vc_row type=&#8221;full_width_content&#8221; full_screen_row_position=&#8221;middle&#8221; column_margin=&#8221;default&#8221; equal_height=&#8221;yes&#8221; content_placement=&#8221;middle&#8221; column_direction=&#8221;default&#8221; column_direction_tablet=&#8221;default&#8221; column_direction_phone=&#8221;default&#8221; scene_position=&#8221;center&#8221; top_padding=&#8221;3%&#8221; bottom_padding=&#8221;6%&#8221; left_padding_desktop=&#8221;1%&#8221; left_padding_phone=&#8221;3%&#8221; text_color=&#8221;dark&#8221; text_align=&#8221;left&#8221; row_border_radius=&#8221;none&#8221; row_border_radius_applies=&#8221;bg&#8221; row_position_desktop=&#8221;default&#8221; row_position_tablet=&#8221;inherit&#8221; row_position_phone=&#8221;inherit&#8221; overflow=&#8221;visible&#8221; overlay_strength=&#8221;0.3&#8243; gradient_direction=&#8221;left_to_right&#8221; shape_divider_position=&#8221;bottom&#8221; bg_image_animation=&#8221;none&#8221; gradient_type=&#8221;default&#8221; shape_type=&#8221;&#8221;][vc_column column_padding=&#8221;no-extra-padding&#8221; column_padding_tablet=&#8221;inherit&#8221; column_padding_phone=&#8221;inherit&#8221; column_padding_position=&#8221;all&#8221; flex_gap_desktop=&#8221;10px&#8221; column_element_direction_desktop=&#8221;default&#8221; column_element_spacing=&#8221;default&#8221; desktop_text_alignment=&#8221;default&#8221; tablet_text_alignment=&#8221;default&#8221; phone_text_alignment=&#8221;default&#8221; background_color_opacity=&#8221;1&#8243; background_hover_color_opacity=&#8221;1&#8243; column_backdrop_filter=&#8221;none&#8221; column_shadow=&#8221;none&#8221; column_border_radius=&#8221;none&#8221; column_link_target=&#8221;_self&#8221; column_position=&#8221;default&#8221; gradient_direction=&#8221;left_to_right&#8221; overlay_strength=&#8221;0.3&#8243; width=&#8221;1\/1&#8243; tablet_width_inherit=&#8221;default&#8221; animation_type=&#8221;default&#8221; bg_image_animation=&#8221;none&#8221; border_type=&#8221;simple&#8221; column_border_width=&#8221;none&#8221; column_border_style=&#8221;solid&#8221;][vc_row_inner column_margin=&#8221;default&#8221; column_direction=&#8221;default&#8221; column_direction_tablet=&#8221;default&#8221; column_direction_phone=&#8221;default&#8221; text_align=&#8221;left&#8221; row_position=&#8221;default&#8221; row_position_tablet=&#8221;inherit&#8221; row_position_phone=&#8221;inherit&#8221; overflow=&#8221;visible&#8221; pointer_events=&#8221;all&#8221;][vc_column_inner column_padding=&#8221;no-extra-padding&#8221; column_padding_tablet=&#8221;inherit&#8221; column_padding_phone=&#8221;inherit&#8221; column_padding_position=&#8221;all&#8221; left_margin=&#8221;2%&#8221; right_margin=&#8221;2%&#8221; column_element_direction_desktop=&#8221;default&#8221; column_element_spacing=&#8221;default&#8221; desktop_text_alignment=&#8221;default&#8221; tablet_text_alignment=&#8221;default&#8221; phone_text_alignment=&#8221;default&#8221; background_color_opacity=&#8221;1&#8243; background_hover_color_opacity=&#8221;1&#8243; column_backdrop_filter=&#8221;none&#8221; column_shadow=&#8221;none&#8221; column_border_radius=&#8221;none&#8221; column_link_target=&#8221;_self&#8221; overflow=&#8221;visible&#8221; gradient_direction=&#8221;left_to_right&#8221; overlay_strength=&#8221;0.3&#8243; width=&#8221;1\/1&#8243; tablet_width_inherit=&#8221;default&#8221; animation_type=&#8221;default&#8221; enable_animation=&#8221;true&#8221; animation=&#8221;fade-in-from-bottom&#8221; animation_easing=&#8221;default&#8221; bg_image_animation=&#8221;none&#8221; border_type=&#8221;simple&#8221; column_border_width=&#8221;none&#8221; column_border_style=&#8221;solid&#8221; column_padding_type=&#8221;default&#8221; content_layout=&#8221;default&#8221; gradient_type=&#8221;default&#8221;][divider line_type=&#8221;No Line&#8221; custom_height=&#8221;30px&#8221;][nectar_responsive_text inherited_font_style=&#8221;default&#8221; text_direction=&#8221;default&#8221; max_width=&#8221;90%&#8221; font_line_height=&#8221;1.5&#8243; font_size_desktop=&#8221;2.5vh&#8221;]<strong>Der Bear Fight Orchard &amp; Vine Bourbon erweitert die Bear-Fight-Range um eine fruchtbetonte, elegante Facette.<\/strong><\/p>\n<p>Diese Abf\u00fcllung verbindet den charakterstarken Stil eines Kentucky Bourbons mit einer au\u00dfergew\u00f6hnlichen Fassveredelung \u2013 und schafft so eine Balance aus Tiefe, Fruchtigkeit und Zug\u00e4nglichkeit.<\/p>\n<p>Sein Finish erh\u00e4lt der Orchard &amp; Vine Bourbon in F\u00e4ssern, die zuvor Calvados \u2013 einen franz\u00f6sischen Apfel- und Birnenbrand \u2013 sowie Portwein beherbergten. Diese Kombination verleiht dem Whisky eine vielschichtige Aromatik, in der sich fruchtige Noten und warme Gew\u00fcrze harmonisch \u00fcber den typischen Bear-Fight-Charakter legen. Das Ergebnis ist ein Bourbon, der sowohl Whisky-Enthusiasten anspricht als auch f\u00fcr entspannte Genussmomente bestens geeignet ist.<\/p>\n<p>In der Nase zeigt sich der Orchard &amp; Vine Bourbon vergleichsweise hell und einladend. Dunkle, getrocknete Fr\u00fcchte und reife Kirschen treffen auf eine tiefe, s\u00fc\u00dfe Basis. Ankl\u00e4nge von S\u00fc\u00dfholz, Melasse und sirupartiger S\u00fc\u00dfe verleihen dem Bouquet zus\u00e4tzliche Tiefe und W\u00e4rme.<\/p>\n<p>Am Gaumen wirkt der Whisky zun\u00e4chst leicht und geschmeidig, bevor eine feine W\u00fcrze von schwarzem Pfeffer einsetzt. Ger\u00f6stete Fassnoten verbinden sich mit dunkler Kirsche und einer dezenten, portweintypischen S\u00fc\u00dfe. Im weiteren Verlauf entwickelt sich ein sanft \u00f6liges Mundgef\u00fchl, das die Aromen elegant tr\u00e4gt, ohne zu beschweren.<\/p>\n<p>Das Finish ist mittel bis lang und angenehm w\u00e4rmend. Dunkler Butterscotch, Ankl\u00e4nge von Pekannusskuchen und eine feine, fast bitters\u00fc\u00dfe Note sorgen f\u00fcr einen ausgewogenen und nachhaltigen Abgang.<\/p>\n<p>Der Bear Fight Orchard &amp; Vine Bourbon steht f\u00fcr die spielerische, moderne Seite von Bear Fight: fruchtig, w\u00fcrzig und vielschichtig \u2013 ein Bourbon, der pur \u00fcberzeugt, aber auch eine spannende Basis f\u00fcr neue, kreative Cocktail-Interpretationen bietet &#8211; und das nicht nur im Herbst.[\/nectar_responsive_text][nectar_highlighted_text text_color=&#8221;#FF6022&#8243; scribble_color=&#8221;#FF6022&#8243; style=&#8221;scribble&#8221; scribble_shape=&#8221;squiggle-underline&#8221; scribble_thickness=&#8221;thin&#8221; scribble_speed=&#8221;1.8s&#8221; scribble_easing=&#8221;ease_in_out&#8221; text_direction=&#8221;default&#8221;]<a href=\"https:\/\/www.fassclub.de\/bearfightwhiskey\/story\/\">Erfahre hier mehr \u00fcber Bear Fight Whiskey<\/a>[\/nectar_highlighted_text][\/vc_column_inner][\/vc_row_inner][vc_row_inner column_margin=&#8221;default&#8221; column_direction=&#8221;default&#8221; column_direction_tablet=&#8221;default&#8221; column_direction_phone=&#8221;default&#8221; text_align=&#8221;left&#8221; row_position=&#8221;default&#8221; row_position_tablet=&#8221;inherit&#8221; row_position_phone=&#8221;inherit&#8221; overflow=&#8221;visible&#8221; pointer_events=&#8221;all&#8221;][vc_column_inner column_padding=&#8221;no-extra-padding&#8221; column_padding_tablet=&#8221;inherit&#8221; column_padding_phone=&#8221;inherit&#8221; column_padding_position=&#8221;all&#8221; left_margin=&#8221;2%&#8221; right_margin=&#8221;2%&#8221; column_element_direction_desktop=&#8221;default&#8221; column_element_spacing=&#8221;default&#8221; desktop_text_alignment=&#8221;default&#8221; tablet_text_alignment=&#8221;default&#8221; phone_text_alignment=&#8221;default&#8221; background_color_opacity=&#8221;1&#8243; background_hover_color_opacity=&#8221;1&#8243; column_backdrop_filter=&#8221;none&#8221; column_shadow=&#8221;none&#8221; column_border_radius=&#8221;none&#8221; column_link_target=&#8221;_self&#8221; overflow=&#8221;visible&#8221; gradient_direction=&#8221;left_to_right&#8221; overlay_strength=&#8221;0.3&#8243; width=&#8221;1\/1&#8243; tablet_width_inherit=&#8221;default&#8221; animation_type=&#8221;default&#8221; enable_animation=&#8221;true&#8221; animation=&#8221;fade-in-from-bottom&#8221; animation_easing=&#8221;default&#8221; bg_image_animation=&#8221;none&#8221; border_type=&#8221;simple&#8221; column_border_width=&#8221;none&#8221; column_border_style=&#8221;solid&#8221; column_padding_type=&#8221;default&#8221; content_layout=&#8221;default&#8221; gradient_type=&#8221;default&#8221;][divider line_type=&#8221;No Line&#8221; custom_height=&#8221;30px&#8221;][nectar_responsive_text inherited_font_style=&#8221;default&#8221; text_direction=&#8221;default&#8221; max_width=&#8221;90%&#8221; font_line_height=&#8221;2&#8243;]<strong>Inverkehrbringer<\/strong>: fassclub UG (haftungsbeschr\u00e4nkt), Markt 12, 23701 Eutin, Deutschland<br \/>\n<strong>Bezeichnung<\/strong>: Whisky<br \/>\n<strong>Herkunftsland<\/strong>: USA[\/nectar_responsive_text][divider line_type=&#8221;No Line&#8221; custom_height_phone=&#8221;30px&#8221;][\/vc_column_inner][\/vc_row_inner][\/vc_column][\/vc_row]\n","protected":false},"excerpt":{"rendered":"<p>45 % vol. \u00b7 0,75 l \u00b7 93,20\u20ac\/l<\/p>\n<p><strong style=\"color: #33c77c;\">versandfertig in 2-3 Werktagen<\/strong>><\/p>\n","protected":false},"featured_media":5366,"comment_status":"open","ping_status":"closed","template":"","meta":[],"product_brand":[],"product_cat":[16],"product_tag":[],"class_list":{"0":"post-5196","1":"product","2":"type-product","3":"status-publish","4":"has-post-thumbnail","6":"product_cat-bearfightwhiskey","8":"first","9":"instock","10":"taxable","11":"shipping-taxable","12":"purchasable","13":"product-type-simple"},"_links":{"self":[{"href":"https:\/\/www.fassclub.de\/bearfightwhiskey\/wp-json\/wp\/v2\/product\/5196","targetHints":{"allow":["GET"]}}],"collection":[{"href":"https:\/\/www.fassclub.de\/bearfightwhiskey\/wp-json\/wp\/v2\/product"}],"about":[{"href":"https:\/\/www.fassclub.de\/bearfightwhiskey\/wp-json\/wp\/v2\/types\/product"}],"replies":[{"embeddable":true,"href":"https:\/\/www.fassclub.de\/bearfightwhiskey\/wp-json\/wp\/v2\/comments?post=5196"}],"wp:featuredmedia":[{"embeddable":true,"href":"https:\/\/www.fassclub.de\/bearfightwhiskey\/wp-json\/wp\/v2\/media\/5366"}],"wp:attachment":[{"href":"https:\/\/www.fassclub.de\/bearfightwhiskey\/wp-json\/wp\/v2\/media?parent=5196"}],"wp:term":[{"taxonomy":"product_brand","embeddable":true,"href":"https:\/\/www.fassclub.de\/bearfightwhiskey\/wp-json\/wp\/v2\/product_brand?post=5196"},{"taxonomy":"product_cat","embeddable":true,"href":"https:\/\/www.fassclub.de\/bearfightwhiskey\/wp-json\/wp\/v2\/product_cat?post=5196"},{"taxonomy":"product_tag","embeddable":true,"href":"https:\/\/www.fassclub.de\/bearfightwhiskey\/wp-json\/wp\/v2\/product_tag?post=5196"}],"curies":[{"name":"wp","href":"https:\/\/api.w.org\/{rel}","templated":true}]}}